{"id":63,"date":"2023-01-21T15:04:00","date_gmt":"2023-01-21T14:04:00","guid":{"rendered":"http:\/\/olqlkyl.cluster031.hosting.ovh.net\/?page_id=63"},"modified":"2023-04-04T11:23:20","modified_gmt":"2023-04-04T09:23:20","slug":"le-petit-chaperon-rouge","status":"publish","type":"page","link":"https:\/\/intermarionnette.fr\/index.php\/spectacles\/le-petit-chaperon-rouge\/","title":{"rendered":"Le Petit Chaperon Rouge"},"content":{"rendered":"\n<figure class=\"wp-block-gallery has-nested-images columns-5 wp-block-gallery-1 is-layout-flex wp-block-gallery-is-layout-flex\">\n<figure class=\"wp-block-image size-thumbnail is-style-rounded wp-duotone-default-filter\"><a href=\"https:\/\/intermarionnette.fr\/wp-content\/uploads\/2023\/01\/PCR_portrait.jpg\" target=\"_blank\" rel=\"noopener\"><img loading=\"lazy\" decoding=\"async\" width=\"150\" height=\"150\" data-id=\"65\" src=\"https:\/\/intermarionnette.fr\/wp-content\/uploads\/2023\/01\/PCR_portrait-150x150.jpg\" alt=\"\" class=\"wp-image-65\"\/><\/a><figcaption class=\"wp-element-caption\">Le Petit Chaperon Rouge<\/figcaption><\/figure>\n\n\n\n<figure class=\"wp-block-image size-thumbnail is-style-rounded wp-duotone-default-filter\"><a href=\"https:\/\/intermarionnette.fr\/wp-content\/uploads\/2023\/01\/Mere_portrait.jpg\" target=\"_blank\" rel=\"noopener\"><img loading=\"lazy\" decoding=\"async\" width=\"150\" height=\"150\" data-id=\"66\" src=\"https:\/\/intermarionnette.fr\/wp-content\/uploads\/2023\/01\/Mere_portrait-150x150.jpg\" alt=\"\" class=\"wp-image-66\"\/><\/a><figcaption class=\"wp-element-caption\">La M\u00e8re<\/figcaption><\/figure>\n\n\n\n<figure class=\"wp-block-image size-thumbnail is-style-rounded wp-duotone-default-filter\"><a href=\"https:\/\/intermarionnette.fr\/wp-content\/uploads\/2023\/01\/Chasseur_portrait.jpg\" target=\"_blank\" rel=\"noopener\"><img loading=\"lazy\" decoding=\"async\" width=\"150\" height=\"150\" data-id=\"67\" src=\"https:\/\/intermarionnette.fr\/wp-content\/uploads\/2023\/01\/Chasseur_portrait-150x150.jpg\" alt=\"\" class=\"wp-image-67\"\/><\/a><figcaption class=\"wp-element-caption\">Le Chasseur<\/figcaption><\/figure>\n\n\n\n<figure class=\"wp-block-image size-thumbnail is-style-rounded wp-duotone-default-filter\"><a href=\"https:\/\/intermarionnette.fr\/wp-content\/uploads\/2023\/01\/Mamie_portrait.jpg\" target=\"_blank\" rel=\"noopener\"><img loading=\"lazy\" decoding=\"async\" width=\"150\" height=\"150\" data-id=\"68\" src=\"https:\/\/intermarionnette.fr\/wp-content\/uploads\/2023\/01\/Mamie_portrait-150x150.jpg\" alt=\"\" class=\"wp-image-68\"\/><\/a><figcaption class=\"wp-element-caption\">La Mamie<\/figcaption><\/figure>\n\n\n\n<figure class=\"wp-block-image size-thumbnail is-style-rounded wp-duotone-default-filter\"><a href=\"https:\/\/intermarionnette.fr\/wp-content\/uploads\/2023\/01\/Loup_portrait.jpg\" target=\"_blank\" rel=\"noopener\"><img loading=\"lazy\" decoding=\"async\" width=\"150\" height=\"150\" data-id=\"69\" src=\"https:\/\/intermarionnette.fr\/wp-content\/uploads\/2023\/01\/Loup_portrait-150x150.jpg\" alt=\"\" class=\"wp-image-69\"\/><\/a><figcaption class=\"wp-element-caption\">Le Loup<\/figcaption><\/figure>\n<\/figure>\n\n\n\n<h2 class=\"wp-block-heading\">L&rsquo;histoire en Images<\/h2>\n\n\n\n<figure class=\"wp-block-gallery has-nested-images columns-4 is-cropped wp-block-gallery-2 is-layout-flex wp-block-gallery-is-layout-flex\">\n<figure class=\"wp-block-image size-medium wp-duotone-default-filter\"><a href=\"https:\/\/intermarionnette.fr\/wp-content\/uploads\/2023\/01\/1-scaled.jpg\" target=\"_blank\" rel=\"noopener\"><img loading=\"lazy\" decoding=\"async\" width=\"300\" height=\"225\" data-id=\"71\" src=\"https:\/\/intermarionnette.fr\/wp-content\/uploads\/2023\/01\/1-300x225.jpg\" alt=\"\" class=\"wp-image-71\" srcset=\"https:\/\/intermarionnette.fr\/wp-content\/uploads\/2023\/01\/1-300x225.jpg 300w, https:\/\/intermarionnette.fr\/wp-content\/uploads\/2023\/01\/1-1024x768.jpg 1024w, https:\/\/intermarionnette.fr\/wp-content\/uploads\/2023\/01\/1-768x576.jpg 768w, https:\/\/intermarionnette.fr\/wp-content\/uploads\/2023\/01\/1-1536x1152.jpg 1536w, https:\/\/intermarionnette.fr\/wp-content\/uploads\/2023\/01\/1-2048x1536.jpg 2048w\" sizes=\"auto, (max-width: 300px) 100vw, 300px\" \/><\/a><\/figure>\n\n\n\n<figure class=\"wp-block-image size-medium wp-duotone-default-filter\"><a href=\"https:\/\/intermarionnette.fr\/wp-content\/uploads\/2023\/01\/3-scaled.jpg\" target=\"_blank\" rel=\"noopener\"><img loading=\"lazy\" decoding=\"async\" width=\"300\" height=\"225\" data-id=\"72\" src=\"https:\/\/intermarionnette.fr\/wp-content\/uploads\/2023\/01\/3-300x225.jpg\" alt=\"\" class=\"wp-image-72\" srcset=\"https:\/\/intermarionnette.fr\/wp-content\/uploads\/2023\/01\/3-300x225.jpg 300w, https:\/\/intermarionnette.fr\/wp-content\/uploads\/2023\/01\/3-1024x767.jpg 1024w, https:\/\/intermarionnette.fr\/wp-content\/uploads\/2023\/01\/3-768x575.jpg 768w, https:\/\/intermarionnette.fr\/wp-content\/uploads\/2023\/01\/3-1536x1150.jpg 1536w, https:\/\/intermarionnette.fr\/wp-content\/uploads\/2023\/01\/3-2048x1533.jpg 2048w\" sizes=\"auto, (max-width: 300px) 100vw, 300px\" \/><\/a><\/figure>\n\n\n\n<figure class=\"wp-block-image size-medium wp-duotone-default-filter\"><a href=\"https:\/\/intermarionnette.fr\/wp-content\/uploads\/2023\/01\/4-scaled.jpg\" target=\"_blank\" rel=\"noopener\"><img loading=\"lazy\" decoding=\"async\" width=\"300\" height=\"218\" data-id=\"73\" src=\"https:\/\/intermarionnette.fr\/wp-content\/uploads\/2023\/01\/4-300x218.jpg\" alt=\"\" class=\"wp-image-73\" srcset=\"https:\/\/intermarionnette.fr\/wp-content\/uploads\/2023\/01\/4-300x218.jpg 300w, https:\/\/intermarionnette.fr\/wp-content\/uploads\/2023\/01\/4-1024x743.jpg 1024w, https:\/\/intermarionnette.fr\/wp-content\/uploads\/2023\/01\/4-768x557.jpg 768w, https:\/\/intermarionnette.fr\/wp-content\/uploads\/2023\/01\/4-1536x1114.jpg 1536w, https:\/\/intermarionnette.fr\/wp-content\/uploads\/2023\/01\/4-2048x1485.jpg 2048w\" sizes=\"auto, (max-width: 300px) 100vw, 300px\" \/><\/a><\/figure>\n\n\n\n<figure class=\"wp-block-image size-medium wp-duotone-default-filter\"><a href=\"https:\/\/intermarionnette.fr\/wp-content\/uploads\/2023\/01\/5-scaled.jpg\" target=\"_blank\" rel=\"noopener\"><img loading=\"lazy\" decoding=\"async\" width=\"300\" height=\"225\" data-id=\"74\" src=\"https:\/\/intermarionnette.fr\/wp-content\/uploads\/2023\/01\/5-300x225.jpg\" alt=\"\" class=\"wp-image-74\" srcset=\"https:\/\/intermarionnette.fr\/wp-content\/uploads\/2023\/01\/5-300x225.jpg 300w, https:\/\/intermarionnette.fr\/wp-content\/uploads\/2023\/01\/5-1024x768.jpg 1024w, https:\/\/intermarionnette.fr\/wp-content\/uploads\/2023\/01\/5-768x576.jpg 768w, https:\/\/intermarionnette.fr\/wp-content\/uploads\/2023\/01\/5-1536x1152.jpg 1536w, https:\/\/intermarionnette.fr\/wp-content\/uploads\/2023\/01\/5-2048x1536.jpg 2048w\" sizes=\"auto, (max-width: 300px) 100vw, 300px\" \/><\/a><\/figure>\n\n\n\n<figure class=\"wp-block-image size-medium wp-duotone-default-filter\"><a href=\"https:\/\/intermarionnette.fr\/wp-content\/uploads\/2023\/01\/6.jpg\" target=\"_blank\" rel=\"noopener\"><img loading=\"lazy\" decoding=\"async\" width=\"300\" height=\"225\" data-id=\"76\" src=\"https:\/\/intermarionnette.fr\/wp-content\/uploads\/2023\/01\/6-300x225.jpg\" alt=\"\" class=\"wp-image-76\" srcset=\"https:\/\/intermarionnette.fr\/wp-content\/uploads\/2023\/01\/6-300x225.jpg 300w, https:\/\/intermarionnette.fr\/wp-content\/uploads\/2023\/01\/6-1024x768.jpg 1024w, https:\/\/intermarionnette.fr\/wp-content\/uploads\/2023\/01\/6-768x576.jpg 768w, https:\/\/intermarionnette.fr\/wp-content\/uploads\/2023\/01\/6.jpg 1134w\" sizes=\"auto, (max-width: 300px) 100vw, 300px\" \/><\/a><\/figure>\n\n\n\n<figure class=\"wp-block-image size-medium wp-duotone-default-filter\"><a href=\"https:\/\/intermarionnette.fr\/wp-content\/uploads\/2023\/01\/7.jpg\" target=\"_blank\" rel=\"noopener\"><img loading=\"lazy\" decoding=\"async\" width=\"300\" height=\"225\" data-id=\"75\" src=\"https:\/\/intermarionnette.fr\/wp-content\/uploads\/2023\/01\/7-300x225.jpg\" alt=\"\" class=\"wp-image-75\" srcset=\"https:\/\/intermarionnette.fr\/wp-content\/uploads\/2023\/01\/7-300x225.jpg 300w, https:\/\/intermarionnette.fr\/wp-content\/uploads\/2023\/01\/7-1024x768.jpg 1024w, https:\/\/intermarionnette.fr\/wp-content\/uploads\/2023\/01\/7-768x576.jpg 768w, https:\/\/intermarionnette.fr\/wp-content\/uploads\/2023\/01\/7.jpg 1134w\" sizes=\"auto, (max-width: 300px) 100vw, 300px\" \/><\/a><\/figure>\n\n\n\n<figure class=\"wp-block-image size-medium wp-duotone-default-filter\"><a href=\"https:\/\/intermarionnette.fr\/wp-content\/uploads\/2023\/01\/8-scaled.jpg\" target=\"_blank\" rel=\"noopener\"><img loading=\"lazy\" decoding=\"async\" width=\"300\" height=\"225\" data-id=\"77\" src=\"https:\/\/intermarionnette.fr\/wp-content\/uploads\/2023\/01\/8-300x225.jpg\" alt=\"\" class=\"wp-image-77\" srcset=\"https:\/\/intermarionnette.fr\/wp-content\/uploads\/2023\/01\/8-300x225.jpg 300w, https:\/\/intermarionnette.fr\/wp-content\/uploads\/2023\/01\/8-1024x768.jpg 1024w, https:\/\/intermarionnette.fr\/wp-content\/uploads\/2023\/01\/8-768x576.jpg 768w, https:\/\/intermarionnette.fr\/wp-content\/uploads\/2023\/01\/8-1536x1152.jpg 1536w, https:\/\/intermarionnette.fr\/wp-content\/uploads\/2023\/01\/8-2048x1536.jpg 2048w\" sizes=\"auto, (max-width: 300px) 100vw, 300px\" \/><\/a><\/figure>\n<\/figure>\n\n\n\n<h2 class=\"wp-block-heading\">DITOU, le c\u00e9l\u00e8bre conteur \u00e0 la voix m\u00e9lodieuse<\/h2>\n\n\n\n<p>Cette marionnette est une audio-animatronique, anim\u00e9e gr\u00e2ce \u00e0 des m\u00e9canismes internes qui disposent de&nbsp;servomoteurs radiocommand\u00e9s. Les mouvements sont enregistr\u00e9s par un ordinateur et synchronis\u00e9s avec une bande sonore.<br>La partie \u00e9lectronique de cette marionnette \u00e0 \u00e9t\u00e9 cr\u00e9e par <a rel=\"noreferrer noopener\" href=\"http:\/\/florian-prevost.fr\" target=\"_blank\">Florian Pr\u00e9vost<\/a><\/p>\n\n\n\n<figure class=\"wp-block-image aligncenter size-medium wp-duotone-default-filter\"><img loading=\"lazy\" decoding=\"async\" width=\"300\" height=\"225\" src=\"https:\/\/intermarionnette.fr\/wp-content\/uploads\/2023\/01\/P1180522-300x225.jpg\" alt=\"\" class=\"wp-image-70\" srcset=\"https:\/\/intermarionnette.fr\/wp-content\/uploads\/2023\/01\/P1180522-300x225.jpg 300w, https:\/\/intermarionnette.fr\/wp-content\/uploads\/2023\/01\/P1180522-1024x768.jpg 1024w, https:\/\/intermarionnette.fr\/wp-content\/uploads\/2023\/01\/P1180522-768x576.jpg 768w, https:\/\/intermarionnette.fr\/wp-content\/uploads\/2023\/01\/P1180522-1536x1152.jpg 1536w, https:\/\/intermarionnette.fr\/wp-content\/uploads\/2023\/01\/P1180522-2048x1536.jpg 2048w\" sizes=\"auto, (max-width: 300px) 100vw, 300px\" \/><\/figure>\n","protected":false},"excerpt":{"rendered":"<p>L&rsquo;histoire en Images DITOU, le c\u00e9l\u00e8bre conteur \u00e0 la voix m\u00e9lodieuse Cette marionnette est une audio-animatronique, anim\u00e9e gr\u00e2ce \u00e0 des m\u00e9canismes internes qui disposent de&nbsp;servomoteurs radiocommand\u00e9s. Les mouvements sont enregistr\u00e9s par un ordinateur et synchronis\u00e9s avec une bande sonore.La partie \u00e9lectronique de cette marionnette \u00e0 \u00e9t\u00e9 cr\u00e9e par Florian Pr\u00e9vost<\/p>\n","protected":false},"author":1,"featured_media":64,"parent":99,"menu_order":0,"comment_status":"closed","ping_status":"closed","template":"","meta":{"_eb_attr":"","footnotes":""},"class_list":["post-63","page","type-page","status-publish","has-post-thumbnail","hentry"],"_links":{"self":[{"href":"https:\/\/intermarionnette.fr\/index.php\/wp-json\/wp\/v2\/pages\/63","targetHints":{"allow":["GET"]}}],"collection":[{"href":"https:\/\/intermarionnette.fr\/index.php\/wp-json\/wp\/v2\/pages"}],"about":[{"href":"https:\/\/intermarionnette.fr\/index.php\/wp-json\/wp\/v2\/types\/page"}],"author":[{"embeddable":true,"href":"https:\/\/intermarionnette.fr\/index.php\/wp-json\/wp\/v2\/users\/1"}],"replies":[{"embeddable":true,"href":"https:\/\/intermarionnette.fr\/index.php\/wp-json\/wp\/v2\/comments?post=63"}],"version-history":[{"count":10,"href":"https:\/\/intermarionnette.fr\/index.php\/wp-json\/wp\/v2\/pages\/63\/revisions"}],"predecessor-version":[{"id":342,"href":"https:\/\/intermarionnette.fr\/index.php\/wp-json\/wp\/v2\/pages\/63\/revisions\/342"}],"up":[{"embeddable":true,"href":"https:\/\/intermarionnette.fr\/index.php\/wp-json\/wp\/v2\/pages\/99"}],"wp:featuredmedia":[{"embeddable":true,"href":"https:\/\/intermarionnette.fr\/index.php\/wp-json\/wp\/v2\/media\/64"}],"wp:attachment":[{"href":"https:\/\/intermarionnette.fr\/index.php\/wp-json\/wp\/v2\/media?parent=63"}],"curies":[{"name":"wp","href":"https:\/\/api.w.org\/{rel}","templated":true}]}}